 is divided by 1671.
1499
What is the remainder when 597753914 is divided by 2057?
2056
Calculate the remainder when 588069 is divided by 944.
901
What is the remainder when 132743 is divided by 32035?
4603
What is the remainder when 343405009 is divided by 1154?
1151
Calculate the remainder when 10668030 is divided by 12.
6
Calculate the remainder when 5571847 is divided by 33.
28
What is the remainder when 9668584 is divided by 386743?
9
What is the remainder when 122370547 is divided by 214?
211
What is the remainder when 29229001 is divided by 9?
7
Calculate the remainder when 4750555 is divided by 2136.
91
Calculate the remainder when 91114 is divided by 82.
12
What is the remainder when 15216 is divided by 2171?
19
What is the remainder when 397255 is divided by 7346?
571
What is the remainder when 88626 is divided by 20470?
6746
What is the remainder when 446644 is divided by 125?
19
What is the remainder when 3017950 is divided by 2488?
6
Calculate the remainder when 576312 is divided by 6842.
1584
Calculate the remainder when 236575 is divided by 3928.
895
What is the remainder when 103344 is divided by 196?
52
Calculate the remainder when 383947 is divided by 127914.
205
Calculate the remainder when 82767 is divided by 82440.
327
What is the remainder when 5581812 is divided by 5?
2
What is the remainder when 1235993 is divided by 555?
8
Calculate the remainder when 1050821 is divided by 144.
53
What is the remainder when 18279239 is divided by 279?
275
What is the remainder when 13653 is divided by 12161?
1492
What is the remainder when 3335107 is divided by 15023?
1
What is the remainder when 12245213 is divided by 3079?
30
What is the remainder when 4822045 is divided by 266?
263
Calculate the remainder when 68376448 is divided by 7616.
0
What is the remainder when 207790 is divided by 3410?
3190
Calculate the remainder when 23843939 is divided by 268.
247
What is the remainder when 119915406 is divided by 24998?
0
What is the remainder when 834405 is divided by 636?
609
Calculate the remainder when 318999 is divided by 163.
8
Calculate the remainder when 374442 is divided by 11701.
10
What is the remainder when 1124107 is divided by 32?
11
Calculate the remainder when 534829 is divided by 13350.
829
Calculate the remainder when 170897 is divided by 18986.
23
Calculate the remainder when 109566 is divided by 10293.
6636
Calculate the remainder when 768464 is divided by 607.
2
Calculate the remainder when 981206 is divided by 3863.
4
Calculate the remainder when 5369644 is divided by 155.
134
Calculate the remainder when 360443 is divided by 119876.
815
What is the remainder when 1012276 is divided by 1517?
437
Calculate the remainder when 267941 is divided by 1373.
206
Calculate the remainder when 517905842 is divided by 3167.
3165
Calculate the remainder when 163132 is divided by 9058.
88
Calculate the remainder when 2223935 is divided by 20.
15
Calculate the remainder when 164319796 is divided by 4651.
4617
What is the remainder when 18584 is divided by 716?
684
What is the remainder when 4118149 is divided by 2662?
35
What is the remainder when 10304256 is divided by 3434725?
81
Calculate the remainder when 3962552 is divided by 1320848.
8
What is the remainder when 129437 is divided by 8607?
332
What is the remainder when 120859 is divided by 771?
583
Calculate the remainder when 457854 is divided by 4033.
2125
Calculate the remainder when 765064893 is divided by 2224.
2221
What is the remainder when 201118 is divided by 25119?
166
What is the remainder when 22916728 is divided by 1824?
1816
What is the remainder when 6161977 is divided by 632?
609
Calculate the remainder when 929240 is divided by 409.
401
What is the remainder when 75080 is divided by 37069?
942
What is the remainder when 51478227 is divided by 797?
794
Calculate the remainder when 6087059 is divided by 494.
485
What is the remainder when 61464493 is divided by 82?
81
Calculate the remainder when 4317910 is divided by 7629.
7525
Calculate the remainder when 4463309 is divided by 83.
67
What is the remainder when 861544 is divided by 904?
32
What is the remainder when 32846307 is divided by 945?
942
Calculate the remainder when 543728080 is divided by 3229.
3228
What is the remainder when 73489 is divided by 504?
409
What is the remainder when 693416 is divided by 138671?
61
Calculate the remainder when 173798 is divided by 2387.
1934
What is the remainder when 51698849 is divided by 793?
7
Calculate the remainder when 68579 is divided by 32491.
3597
What is the remainder when 7020614 is divided by 104?
94
Calculate the remainder when 1724 is divided by 195.
164
What is the remainder when 198728 is divided by 15272?
192
What is the remainder when 593798 is divided by 3985?
33
Calculate the remainder when 77489948 is divided by 4925.
4923
What is the remainder when 172910 is divided by 172832?
78
Calculate the remainder when 87488 is divided by 29110.
158
Calculate the remainder when 81481 is divided by 1865.
1286
Calculate the remainder when 1105365 is divided by 21257.
1
What is the remainder when 141489 is divided by 141252?
237
What is the remainder when 252905 is divided by 7659?
158
Calculate the remainder when 123116 is divided by 180.
176
What is the remainder when 30138972 is divided by 16?
12
What is the remainder when 21536790 is divided by 38?
24
Calculate the remainder when 50865 is divided by 13.
9
What is the remainder when 11973423 is divided by 21343?
0
What is the remainder when 11060606 is divided by 1662?
1658
What is the remainder when 21738862 is divided by 1976259?
13
Calculate the remainder when 96300 is divided by 32086.
42
What is the remainder when 326545 is divided by 149?
86
What is the remainder when 3610273 is divided by 515752?
9
Calculate the remainder when 136615 is divided by 3533.
2361
Calculate the remainder when 85128 is divided by 129.
117
Calculate the remainder when 10828561 is divided by 6366.
6361
Calculate the remainder when 15863763 is divided by 223.
212
What is the remainder when 665321 is divided by 2342?
193
Calculate the remainder when 66627959 is divided by 444.
431
What is the remainder when 952570 is divided by 6569?
65
Calculate the remainder when 21943131 is divided by 127.
71
Calculate the remainder when 10054334 is divided by 2513578.
22
Calculate the remainder when 26299721 is divided by 5.
1
Calculate the remainder when 1420029 is divided by 291.
240
What is the remainder when 2696086 is divided by 12?
10
Calculate the remainder when 13229466 is divided by 48998.
6
What is the remainder when 2346477 is divided by 15235?
287
Calculate the remainder when 951393 is divided by 178.
161
Calculate the remainder when 79017 is divided by 9872.
41
Calculate the remainder when 21395074 is divided by 135.
4
What is the remainder when 324102 is divided by 10146?
9576
What is the remainder when 116952363 is divided by 31?
27
What is the remainder when 1762149 is divided by 666?
579
What is the remainder when 11191980 is divided by 205?
5
Calculate the remainder when 207262 is divided by 4697.
594
Calculate the remainder when 7339815 is divided by 31.
7
Calculate the remainder when 7101 is divided by 2070.
891
Calculate the remainder when 2077307 is divided by 1969.
12
Calculate the remainder when 4740132 is divided by 5326.
5318
What is the remainder when 488636 is divided by 655?
6
Calculate the remainder when 352429 is divided by 88025.
329
Calculate the remainder when 11186 is divided by 5551.
84
Calculate the remainder when 4216864 is divided by 69.
67
Calculate the remainder when 45355014 is divided by 27273.
15
Calculate the remainder when 60776307 is divided by 1760.
1747
What is the remainder when 28194935 is divided by 9398249?
188
Calculate the remainder when 5273908 is divided by 459.
457
What is the remainder when 3204 is divided by 272?
212
Calculate the remainder when 388995 is divided by 388975.
20
What is the remainder when 5195847 is divided by 208?
7
Calculate the remainder when 1551348 is divided by 256.
244
What is the remainder when 347411 is divided by 7736?
7027
What is the remainder when 34912 is divided by 4977?
73
Calculate the remainder when 8355268 is divided by 46161.
127
Calculate 